{"id":2001,"date":"2024-12-27T14:16:28","date_gmt":"2024-12-27T13:16:28","guid":{"rendered":"https:\/\/dmg-armaturen.ch\/mag\/?page_id=2001"},"modified":"2026-01-04T22:42:27","modified_gmt":"2026-01-04T21:42:27","slug":"company","status":"publish","type":"page","link":"https:\/\/dmg-armaturen.ch\/mag\/","title":{"rendered":"Company"},"content":{"rendered":"\n<p class=\"has-text-align-center\">Garantie und Tradition seit 1953 (vormals MIBA Armaturen AG)<\/p>\n\n\n\n<h3 class=\"wp-block-heading has-text-align-center\">Wert durch Technik<br>und Qualit\u00e4t mit Original-MIBA-Produkten und Ersatzteilen<\/h3>\n\n\n\n<p class=\"has-drop-cap\">Als Schweizer Familienunternehmen mit Sitz in Br\u00fcgg (BE) produzieren und verkaufen wir Roharmaturen und Zubeh\u00f6r, damit Sie Wasser verteilen, reduzieren, filtern, sichern, mischen, anschliessen, entleeren, abzapfen und z\u00e4hlen k\u00f6nnen.<\/p>\n\n\n\n<div style=\"height:20px\" aria-hidden=\"true\" class=\"wp-block-spacer\"><\/div>\n\n\n\n<div class=\"wp-block-group alignfull\"><div class=\"wp-block-group__inner-container is-layout-flow wp-block-group-is-layout-flow\">\n<h3 class=\"wp-block-heading has-text-align-center\">DMG Armaturen in Zahlen<\/h3>\n\n\n\n<div class=\"wp-block-columns alignwide has-text-align-center tw-cols-stack-sm tw-gutter-large is-layout-flex wp-container-core-columns-is-layout-d0b3c9c8 wp-block-columns-is-layout-flex\">\n<div class=\"wp-block-column is-layout-flow wp-block-column-is-layout-flow\">\n<p class=\"tw-mb-2\" style=\"font-size:50px;line-height:1.2\">1&#8217;000+<\/p>\n\n\n\n<p>Installateure in der ganzen Schweiz vertrauen auf unsere Produkte.<\/p>\n<\/div>\n\n\n\n<div class=\"wp-block-column is-layout-flow wp-block-column-is-layout-flow\">\n<p class=\"tw-mb-2\" style=\"font-size:50px;line-height:1.2\">1&#8217;100+<\/p>\n\n\n\n<p>Qualit\u00e4tsartikel versandbereit an Lager in der Schweiz<\/p>\n<\/div>\n\n\n\n<div class=\"wp-block-column is-layout-flow wp-block-column-is-layout-flow\">\n<p class=\"tw-mb-2\" style=\"font-size:50px;line-height:1.2\">15&#8217;000+<\/p>\n\n\n\n<p>realisierte Projekte mit unseren Produkten<\/p>\n<\/div>\n<\/div>\n<\/div><\/div>\n\n\n\n<div style=\"height:20px\" aria-hidden=\"true\" class=\"wp-block-spacer\"><\/div>\n\n\n\n<div class=\"wp-block-group alignfull\"><div class=\"wp-block-group__inner-container is-layout-flow wp-block-group-is-layout-flow\">\n<h3 class=\"wp-block-heading has-text-align-center\">Weltweit renommierte Marken im Angebot<\/h3>\n\n\n\n<div class=\"wp-block-columns alignwide is-layout-flex wp-container-core-columns-is-layout-d0b3c9c8 wp-block-columns-is-layout-flex\">\n<div class=\"wp-block-column is-layout-flow wp-block-column-is-layout-flow\">\n<figure class=\"wp-block-image size-large is-resized\"><img loading=\"lazy\" decoding=\"async\" width=\"1024\" height=\"410\" src=\"https:\/\/dmg-armaturen.ch\/mag\/wp-content\/uploads\/2024\/12\/logos-1024x410.png\" alt=\"\" class=\"wp-image-2047\" style=\"width:1200px;height:auto\" srcset=\"https:\/\/dmg-armaturen.ch\/mag\/wp-content\/uploads\/2024\/12\/logos-1024x410.png 1024w, https:\/\/dmg-armaturen.ch\/mag\/wp-content\/uploads\/2024\/12\/logos-300x120.png 300w, https:\/\/dmg-armaturen.ch\/mag\/wp-content\/uploads\/2024\/12\/logos-768x307.png 768w, https:\/\/dmg-armaturen.ch\/mag\/wp-content\/uploads\/2024\/12\/logos-1200x480.png 1200w, https:\/\/dmg-armaturen.ch\/mag\/wp-content\/uploads\/2024\/12\/logos.png 1250w\" sizes=\"auto, (max-width: 1024px) 100vw, 1024px\" \/><\/figure>\n<\/div>\n<\/div>\n<\/div><\/div>\n\n\n\n<div style=\"height:20px\" aria-hidden=\"true\" class=\"wp-block-spacer\"><\/div>\n\n\n\n<div class=\"wp-block-columns alignwide is-layout-flex wp-container-core-columns-is-layout-d0b3c9c8 wp-block-columns-is-layout-flex\">\n<div class=\"wp-block-column is-layout-flow wp-block-column-is-layout-flow\">\n<div class=\"wp-block-group has-background\" style=\"background-color:#ffffff\"><div class=\"wp-block-group__inner-container is-layout-flow wp-block-group-is-layout-flow\">\n<h3 class=\"wp-block-heading has-text-align-center\">Online-Shop<\/h3>\n\n\n\n<p class=\"has-text-align-center\">Bestellen Sie Ihr Lieblingsst\u00fcck in drei Schritten. Geliefert mit A-Post<\/p>\n\n\n\n<div class=\"wp-block-buttons is-content-justification-center is-layout-flex wp-container-core-buttons-is-layout-a89b3969 wp-block-buttons-is-layout-flex\">\n<div class=\"wp-block-button is-style-fill tw-block-animation tw-animation-fade-in\"><a class=\"wp-block-button__link has-secondary-background-color has-background wp-element-button\" href=\"https:\/\/dmg-armaturen.ch\/mag\/shop\/\">zum shop<\/a><\/div>\n<\/div>\n<\/div><\/div>\n<\/div>\n\n\n\n<div class=\"wp-block-column is-layout-flow wp-block-column-is-layout-flow\">\n<div class=\"wp-block-group has-background\" style=\"background-color:#ffffff\"><div class=\"wp-block-group__inner-container is-layout-flow wp-block-group-is-layout-flow\">\n<h3 class=\"wp-block-heading has-text-align-center\">Spezialkonditionen<\/h3>\n\n\n\n<p class=\"has-text-align-center\">Erfahren Sie mehr \u00fcber Spezialkonditionen f\u00fcr Installateure und Industrie. <\/p>\n\n\n\n<div class=\"wp-block-buttons is-content-justification-center is-layout-flex wp-container-core-buttons-is-layout-a89b3969 wp-block-buttons-is-layout-flex\">\n<div class=\"wp-block-button is-style-fill tw-block-animation tw-animation-fade-in\"><a class=\"wp-block-button__link has-secondary-background-color has-background wp-element-button\" href=\"https:\/\/dmg-armaturen.ch\/mag\/installateurs\/\">mehr erfahren<\/a><\/div>\n<\/div>\n<\/div><\/div>\n<\/div>\n<\/div>\n\n\n\n<div style=\"height:20px\" aria-hidden=\"true\" class=\"wp-block-spacer\"><\/div>\n\n\n\n<div style=\"height:20px\" aria-hidden=\"true\" class=\"wp-block-spacer\"><\/div>\n\n\n\n<div class=\"wp-block-group alignfull\"><div class=\"wp-block-group__inner-container is-layout-flow wp-block-group-is-layout-flow\">\n<h2 class=\"wp-block-heading has-text-align-center\">Planungssoftware<\/h2>\n\n\n\n<div class=\"wp-block-columns alignwide is-layout-flex wp-container-core-columns-is-layout-d0b3c9c8 wp-block-columns-is-layout-flex\">\n<div class=\"wp-block-column is-layout-flow wp-block-column-is-layout-flow\">\n<figure class=\"wp-block-image size-full\"><a href=\"https:\/\/dmg-armaturen.ch\/mag\/caleffi-pipe-sizer\/\" target=\"_blank\" rel=\" noreferrer noopener\"><img loading=\"lazy\" decoding=\"async\" width=\"750\" height=\"500\" src=\"https:\/\/dmg-armaturen.ch\/mag\/wp-content\/uploads\/2024\/12\/4.png\" alt=\"\" class=\"wp-image-2282\" srcset=\"https:\/\/dmg-armaturen.ch\/mag\/wp-content\/uploads\/2024\/12\/4.png 750w, https:\/\/dmg-armaturen.ch\/mag\/wp-content\/uploads\/2024\/12\/4-300x200.png 300w\" sizes=\"auto, (max-width: 750px) 100vw, 750px\" \/><\/a><\/figure>\n\n\n\n<h3 class=\"wp-block-heading has-h-5-font-size\">Caleffi Pipe Sizer<\/h3>\n\n\n\n<p>Mit der Pipe-Sizer-App von Caleffi berechnen Sie die Gr\u00f6sse der Wasser- und Luftleitungen bzw. Leitungen f\u00fcr Hydraulik- oder Luftanlagen.<\/p>\n\n\n\n<div class=\"wp-block-buttons is-layout-flex wp-block-buttons-is-layout-flex\">\n<div class=\"wp-block-button\"><a class=\"wp-block-button__link has-secondary-background-color has-background wp-element-button\" href=\"https:\/\/dmg-armaturen.ch\/mag\/caleffi-pipe-sizer\/\">Mehr erfahren<\/a><\/div>\n<\/div>\n<\/div>\n\n\n\n<div class=\"wp-block-column is-layout-flow wp-block-column-is-layout-flow\">\n<figure class=\"wp-block-image size-full\"><a href=\"https:\/\/dmg-armaturen.ch\/mag\/domestic-water-sizer\/\"><img loading=\"lazy\" decoding=\"async\" width=\"750\" height=\"500\" src=\"https:\/\/dmg-armaturen.ch\/mag\/wp-content\/uploads\/2024\/12\/3.png\" alt=\"\" class=\"wp-image-2284\" srcset=\"https:\/\/dmg-armaturen.ch\/mag\/wp-content\/uploads\/2024\/12\/3.png 750w, https:\/\/dmg-armaturen.ch\/mag\/wp-content\/uploads\/2024\/12\/3-300x200.png 300w\" sizes=\"auto, (max-width: 750px) 100vw, 750px\" \/><\/a><\/figure>\n\n\n\n<h3 class=\"wp-block-heading has-h-5-font-size\">Domestic Water Sizer<\/h3>\n\n\n\n<p>Mit der Domestic-Water-Sizer-App von Caleffi dimensionieren Sie Hauptkomponenten der Binnenwassersysteme schnell und korrekt.<\/p>\n\n\n\n<div class=\"wp-block-buttons is-layout-flex wp-block-buttons-is-layout-flex\">\n<div class=\"wp-block-button\"><a class=\"wp-block-button__link has-secondary-background-color has-background wp-element-button\" href=\"https:\/\/dmg-armaturen.ch\/mag\/domestic-water-sizer\/\">mehr erfahren<\/a><\/div>\n<\/div>\n<\/div>\n\n\n\n<div class=\"wp-block-column is-layout-flow wp-block-column-is-layout-flow\">\n<figure class=\"wp-block-image size-full\"><img loading=\"lazy\" decoding=\"async\" width=\"750\" height=\"500\" src=\"https:\/\/dmg-armaturen.ch\/mag\/wp-content\/uploads\/2025\/06\/Design-ohne-Titel-1.png\" alt=\"\" class=\"wp-image-2616\" srcset=\"https:\/\/dmg-armaturen.ch\/mag\/wp-content\/uploads\/2025\/06\/Design-ohne-Titel-1.png 750w, https:\/\/dmg-armaturen.ch\/mag\/wp-content\/uploads\/2025\/06\/Design-ohne-Titel-1-300x200.png 300w\" sizes=\"auto, (max-width: 750px) 100vw, 750px\" \/><\/figure>\n\n\n\n<h3 class=\"wp-block-heading has-h-5-font-size\">Caleffi Schemata<\/h3>\n\n\n\n<p>W\u00e4hlen Sie anhand unserer Vorschl\u00e4ge das Schema aus, das optimal zu Ihren Anforderungen passt.<\/p>\n\n\n\n<div class=\"wp-block-buttons is-layout-flex wp-block-buttons-is-layout-flex\">\n<div class=\"wp-block-button\"><a class=\"wp-block-button__link has-secondary-background-color has-background wp-element-button\" href=\"https:\/\/dmg-armaturen.ch\/mag\/caleffi-schematas\/\">mehr erfahren<\/a><\/div>\n<\/div>\n<\/div>\n<\/div>\n<\/div><\/div>\n\n\n\n<div style=\"height:20px\" aria-hidden=\"true\" class=\"wp-block-spacer\"><\/div>\n\n\n\n<div class=\"wp-block-group alignfull\"><div class=\"wp-block-group__inner-container is-layout-flow wp-block-group-is-layout-flow\">\n<h3 class=\"wp-block-heading has-text-align-center\">Stimmen unserer Kunden<\/h3>\n\n\n\n<div class=\"wp-block-columns alignwide tw-cols-card tw-cols-card-border is-layout-flex wp-container-core-columns-is-layout-d0b3c9c8 wp-block-columns-is-layout-flex\">\n<div class=\"wp-block-column is-layout-flow wp-block-column-is-layout-flow\">\n<blockquote class=\"wp-block-quote is-style-tw-icon is-layout-flow wp-block-quote-is-layout-flow\">\n<p>Wir sind mit unserem Auftrag vollkommen zufrieden.<br>Schnelle und sorgf\u00e4ltige Lieferung.<\/p>\n<cite><strong>Stalder &amp; Z\u00fcrcher SA<\/strong><\/cite><\/blockquote>\n<\/div>\n\n\n\n<div class=\"wp-block-column is-layout-flow wp-block-column-is-layout-flow\">\n<blockquote class=\"wp-block-quote is-style-tw-icon is-layout-flow wp-block-quote-is-layout-flow\">\n<p>Vielen Dank f\u00fcr die schnelle<br>Lieferung. Service hat bei DMG eine echte Bedeutung!<\/p>\n<cite><strong>AW Ing\u00e9nieurs-Conseils SA<\/strong><\/cite><\/blockquote>\n<\/div>\n\n\n\n<div class=\"wp-block-column is-layout-flow wp-block-column-is-layout-flow\">\n<blockquote class=\"wp-block-quote is-style-tw-icon is-layout-flow wp-block-quote-is-layout-flow\">\n<p>Wir sind sehr zufrieden mit der Lieferung und der Filterkombination.<\/p>\n<cite><strong>Casino Bern<\/strong><\/cite><\/blockquote>\n<\/div>\n<\/div>\n<\/div><\/div>\n\n\n\n<div style=\"height:20px\" aria-hidden=\"true\" class=\"wp-block-spacer\"><\/div>\n\n\n\n<h2 class=\"wp-block-heading has-text-align-center\">H\u00e4ufig gestellte Fragen<\/h2>\n\n\n\n<div style=\"height:10px\" aria-hidden=\"true\" class=\"wp-block-spacer\"><\/div>\n\n\n<ul class=\"wp-block-latest-posts__list has-dates alignwide tw-stretched-link tw-heading-size-medium is-style-default tw-img-ratio-1-1 wp-block-latest-posts\"><li><a class=\"wp-block-latest-posts__post-title\" href=\"https:\/\/dmg-armaturen.ch\/mag\/kann-der-systemtrenner-ba295-auch-in-die-senkrechte-leitung-eingebaut-werden\/\">Kann der Systemtrenner BA295 auch in die senkrechte Leitung eingebaut werden?<\/a><time datetime=\"2025-12-30T22:06:41+01:00\" class=\"wp-block-latest-posts__post-date\">30. Dezember 2025<\/time><div class=\"wp-block-latest-posts__post-excerpt\">Aufgrund Ihrer Bauart und des Anschlusses der Ablaufleitung sind beide&hellip;<a href=\"https:\/\/dmg-armaturen.ch\/mag\/kann-der-systemtrenner-ba295-auch-in-die-senkrechte-leitung-eingebaut-werden\/\" class=\"more-link\"><span>Weiterlesen<\/span><span class=\"screen-reader-text\">Kann der Systemtrenner BA295 auch in die senkrechte Leitung eingebaut werden?<\/span><\/a><\/div><\/li>\n<li><a class=\"wp-block-latest-posts__post-title\" href=\"https:\/\/dmg-armaturen.ch\/mag\/an-welcher-stelle-wird-ein-filter-installiert-vor-oder-nach-dem-druckminderer\/\">An welcher Stelle wird ein Filter installiert &#8211; vor oder nach dem Druckminderer?<\/a><time datetime=\"2025-12-29T21:33:44+01:00\" class=\"wp-block-latest-posts__post-date\">29. Dezember 2025<\/time><div class=\"wp-block-latest-posts__post-excerpt\">Filter werden in Fliessrichtung nach der Wasserz\u00e4hleranlage und vor dem&hellip;<a href=\"https:\/\/dmg-armaturen.ch\/mag\/an-welcher-stelle-wird-ein-filter-installiert-vor-oder-nach-dem-druckminderer\/\" class=\"more-link\"><span>Weiterlesen<\/span><span class=\"screen-reader-text\">An welcher Stelle wird ein Filter installiert &#8211; vor oder nach dem Druckminderer?<\/span><\/a><\/div><\/li>\n<li><a class=\"wp-block-latest-posts__post-title\" href=\"https:\/\/dmg-armaturen.ch\/mag\/hauswasserverteiler-hv20d\/\">Gibt es ein Nachfolgemodell zum Hauswasserverteiler HV20D?<\/a><time datetime=\"2025-12-28T21:09:42+01:00\" class=\"wp-block-latest-posts__post-date\">28. Dezember 2025<\/time><div class=\"wp-block-latest-posts__post-excerpt\">Das alternative Nachfolgemodell hat die Bezeichnung&nbsp;HS10S-11\/4AA. Die&nbsp;HS10S Hauswasser-Station&nbsp;vereint R\u00fcckflussverhinderer mit&hellip;<a href=\"https:\/\/dmg-armaturen.ch\/mag\/hauswasserverteiler-hv20d\/\" class=\"more-link\"><span>Weiterlesen<\/span><span class=\"screen-reader-text\">Gibt es ein Nachfolgemodell zum Hauswasserverteiler HV20D?<\/span><\/a><\/div><\/li>\n<li><a class=\"wp-block-latest-posts__post-title\" href=\"https:\/\/dmg-armaturen.ch\/mag\/was-ist-der-unterschied-zwischen-rohr-und-systemtrenner\/\">Was ist der Unterschied zwischen Rohr- und Systemtrenner?<\/a><time datetime=\"2025-12-22T22:15:10+01:00\" class=\"wp-block-latest-posts__post-date\">22. Dezember 2025<\/time><div class=\"wp-block-latest-posts__post-excerpt\">Der Hauptunterschied ist das Konstruktionsprinzip: Der Rohrtrenner hat ein Kolbenventil&hellip;<a href=\"https:\/\/dmg-armaturen.ch\/mag\/was-ist-der-unterschied-zwischen-rohr-und-systemtrenner\/\" class=\"more-link\"><span>Weiterlesen<\/span><span class=\"screen-reader-text\">Was ist der Unterschied zwischen Rohr- und Systemtrenner?<\/span><\/a><\/div><\/li>\n<\/ul>\n\n\n<div style=\"height:20px\" aria-hidden=\"true\" class=\"wp-block-spacer\"><\/div>\n\n\n\n<div class=\"wp-block-group alignfull\"><div class=\"wp-block-group__inner-container is-layout-flow wp-block-group-is-layout-flow\">\n<h3 class=\"wp-block-heading has-text-align-center\">Kontakt &amp; Beratung<\/h3>\n\n\n\n<div class=\"wp-block-columns alignwide has-text-align-center tw-cols-stack-md tw-gutter-large is-layout-flex wp-container-core-columns-is-layout-d0b3c9c8 wp-block-columns-is-layout-flex\">\n<div class=\"wp-block-column is-layout-flow wp-block-column-is-layout-flow\">\n<h3 class=\"wp-block-heading has-large-font-size\">Adresse<\/h3>\n\n\n\n<p>Erlenstrasse 2A, 2555 Br\u00fcgg\/ BE<\/p>\n<\/div>\n\n\n\n<div class=\"wp-block-column is-layout-flow wp-block-column-is-layout-flow\">\n<h3 class=\"wp-block-heading has-large-font-size\">Technische Beratung zur Montage &amp; Produktauswahl<\/h3>\n\n\n\n<p>Mo und Mi von 7:30 bis 12:00 Uhr &amp; von 13:00 bis 16:30 Uhr<\/p>\n<\/div>\n\n\n\n<div class=\"wp-block-column is-layout-flow wp-block-column-is-layout-flow\">\n<h3 class=\"wp-block-heading has-large-font-size\">Kontakt<\/h3>\n\n\n\n<p>+41 32 373 28 38<br><a href=\"mailto:contact@example.com\">info@dmg-armaturen.c<\/a><a href=\"mailto:info@dmg-armaturen.ch\">h<\/a><\/p>\n<\/div>\n<\/div>\n<\/div><\/div>\n\n\n\n<p><\/p>\n","protected":false},"excerpt":{"rendered":"<p>Garantie und Tradition seit 1953 (vormals MIBA Armaturen AG) Wert durch Technikund Qualit\u00e4t mit Original-MIBA-Produkten und Ersatzteilen Als Schweizer Familienunternehmen mit Sitz in Br\u00fcgg (BE) produzieren und verkaufen wir Roharmaturen und Zubeh\u00f6r, damit Sie Wasser verteilen, reduzieren, filtern, sichern, mischen, anschliessen, entleeren, abzapfen und z\u00e4hlen k\u00f6nnen. DMG Armaturen in Zahlen 1&#8217;000+ Installateure in der ganzen&hellip;<\/p>\n","protected":false},"author":1,"featured_media":2330,"parent":0,"menu_order":0,"comment_status":"closed","ping_status":"closed","template":"tw-no-title.php","meta":{"footnotes":""},"class_list":["post-2001","page","type-page","status-publish","has-post-thumbnail","hentry"],"yoast_head":"<!-- This site is optimized with the Yoast SEO plugin v26.8 - https:\/\/yoast.com\/product\/yoast-seo-wordpress\/ -->\n<title>Startseite | DMG Armaturen GmbH<\/title>\n<meta name=\"robots\" content=\"index, follow, max-snippet:-1, max-image-preview:large, max-video-preview:-1\" \/>\n<link rel=\"canonical\" href=\"https:\/\/dmg-armaturen.ch\/mag\/\" \/>\n<meta property=\"og:locale\" content=\"de_DE\" \/>\n<meta property=\"og:type\" content=\"article\" \/>\n<meta property=\"og:title\" content=\"Startseite | DMG Armaturen GmbH\" \/>\n<meta property=\"og:description\" content=\"Garantie und Tradition seit 1953 (vormals MIBA Armaturen AG) Wert durch Technikund Qualit\u00e4t mit Original-MIBA-Produkten und Ersatzteilen Als Schweizer Familienunternehmen mit Sitz in Br\u00fcgg (BE) produzieren und verkaufen wir Roharmaturen und Zubeh\u00f6r, damit Sie Wasser verteilen, reduzieren, filtern, sichern, mischen, anschliessen, entleeren, abzapfen und z\u00e4hlen k\u00f6nnen. DMG Armaturen in Zahlen 1&#8217;000+ Installateure in der ganzen&hellip;\" \/>\n<meta property=\"og:url\" content=\"https:\/\/dmg-armaturen.ch\/mag\/\" \/>\n<meta property=\"og:site_name\" content=\"DMG Armaturen GmbH\" \/>\n<meta property=\"article:modified_time\" content=\"2026-01-04T21:42:27+00:00\" \/>\n<meta property=\"og:image\" content=\"https:\/\/dmg-armaturen.ch\/mag\/wp-content\/uploads\/2024\/12\/2025-2-scaled.jpg\" \/>\n\t<meta property=\"og:image:width\" content=\"2560\" \/>\n\t<meta property=\"og:image:height\" content=\"1440\" \/>\n\t<meta property=\"og:image:type\" content=\"image\/jpeg\" \/>\n<meta name=\"twitter:label1\" content=\"Gesch\u00e4tzte Lesezeit\" \/>\n\t<meta name=\"twitter:data1\" content=\"3\u00a0Minuten\" \/>\n<!-- \/ Yoast SEO plugin. -->","yoast_head_json":{"title":"Startseite | DMG Armaturen GmbH","robots":{"index":"index","follow":"follow","max-snippet":"max-snippet:-1","max-image-preview":"max-image-preview:large","max-video-preview":"max-video-preview:-1"},"canonical":"https:\/\/dmg-armaturen.ch\/mag\/","og_locale":"de_DE","og_type":"article","og_title":"Startseite | DMG Armaturen GmbH","og_description":"Garantie und Tradition seit 1953 (vormals MIBA Armaturen AG) Wert durch Technikund Qualit\u00e4t mit Original-MIBA-Produkten und Ersatzteilen Als Schweizer Familienunternehmen mit Sitz in Br\u00fcgg (BE) produzieren und verkaufen wir Roharmaturen und Zubeh\u00f6r, damit Sie Wasser verteilen, reduzieren, filtern, sichern, mischen, anschliessen, entleeren, abzapfen und z\u00e4hlen k\u00f6nnen. DMG Armaturen in Zahlen 1&#8217;000+ Installateure in der ganzen&hellip;","og_url":"https:\/\/dmg-armaturen.ch\/mag\/","og_site_name":"DMG Armaturen GmbH","article_modified_time":"2026-01-04T21:42:27+00:00","og_image":[{"width":2560,"height":1440,"url":"https:\/\/dmg-armaturen.ch\/mag\/wp-content\/uploads\/2024\/12\/2025-2-scaled.jpg","type":"image\/jpeg"}],"twitter_misc":{"Gesch\u00e4tzte Lesezeit":"3\u00a0Minuten"},"schema":{"@context":"https:\/\/schema.org","@graph":[{"@type":"WebPage","@id":"https:\/\/dmg-armaturen.ch\/mag\/","url":"https:\/\/dmg-armaturen.ch\/mag\/","name":"Startseite | DMG Armaturen GmbH","isPartOf":{"@id":"https:\/\/dmg-armaturen.ch\/mag\/#website"},"primaryImageOfPage":{"@id":"https:\/\/dmg-armaturen.ch\/mag\/#primaryimage"},"image":{"@id":"https:\/\/dmg-armaturen.ch\/mag\/#primaryimage"},"thumbnailUrl":"https:\/\/dmg-armaturen.ch\/mag\/wp-content\/uploads\/2024\/12\/2025-2-scaled.jpg","datePublished":"2024-12-27T13:16:28+00:00","dateModified":"2026-01-04T21:42:27+00:00","breadcrumb":{"@id":"https:\/\/dmg-armaturen.ch\/mag\/#breadcrumb"},"inLanguage":"de-CH","potentialAction":[{"@type":"ReadAction","target":["https:\/\/dmg-armaturen.ch\/mag\/"]}]},{"@type":"ImageObject","inLanguage":"de-CH","@id":"https:\/\/dmg-armaturen.ch\/mag\/#primaryimage","url":"https:\/\/dmg-armaturen.ch\/mag\/wp-content\/uploads\/2024\/12\/2025-2-scaled.jpg","contentUrl":"https:\/\/dmg-armaturen.ch\/mag\/wp-content\/uploads\/2024\/12\/2025-2-scaled.jpg","width":2560,"height":1440},{"@type":"BreadcrumbList","@id":"https:\/\/dmg-armaturen.ch\/mag\/#breadcrumb","itemListElement":[{"@type":"ListItem","position":1,"name":"Home","item":"https:\/\/dmg-armaturen.ch\/mag\/"},{"@type":"ListItem","position":2,"name":"Company"}]},{"@type":"WebSite","@id":"https:\/\/dmg-armaturen.ch\/mag\/#website","url":"https:\/\/dmg-armaturen.ch\/mag\/","name":"DMG Armaturen GmbH","description":"","publisher":{"@id":"https:\/\/dmg-armaturen.ch\/mag\/#organization"},"potentialAction":[{"@type":"SearchAction","target":{"@type":"EntryPoint","urlTemplate":"https:\/\/dmg-armaturen.ch\/mag\/?s={search_term_string}"},"query-input":{"@type":"PropertyValueSpecification","valueRequired":true,"valueName":"search_term_string"}}],"inLanguage":"de-CH"},{"@type":"Organization","@id":"https:\/\/dmg-armaturen.ch\/mag\/#organization","name":"DMG Armaturen GmbH","url":"https:\/\/dmg-armaturen.ch\/mag\/","logo":{"@type":"ImageObject","inLanguage":"de-CH","@id":"https:\/\/dmg-armaturen.ch\/mag\/#\/schema\/logo\/image\/","url":"https:\/\/dmg-armaturen.ch\/mag\/wp-content\/uploads\/2020\/06\/cropped-DMGLogo-1.png","contentUrl":"https:\/\/dmg-armaturen.ch\/mag\/wp-content\/uploads\/2020\/06\/cropped-DMGLogo-1.png","width":539,"height":109,"caption":"DMG Armaturen GmbH"},"image":{"@id":"https:\/\/dmg-armaturen.ch\/mag\/#\/schema\/logo\/image\/"}}]}},"_links":{"self":[{"href":"https:\/\/dmg-armaturen.ch\/mag\/wp-json\/wp\/v2\/pages\/2001","targetHints":{"allow":["GET"]}}],"collection":[{"href":"https:\/\/dmg-armaturen.ch\/mag\/wp-json\/wp\/v2\/pages"}],"about":[{"href":"https:\/\/dmg-armaturen.ch\/mag\/wp-json\/wp\/v2\/types\/page"}],"author":[{"embeddable":true,"href":"https:\/\/dmg-armaturen.ch\/mag\/wp-json\/wp\/v2\/users\/1"}],"replies":[{"embeddable":true,"href":"https:\/\/dmg-armaturen.ch\/mag\/wp-json\/wp\/v2\/comments?post=2001"}],"version-history":[{"count":63,"href":"https:\/\/dmg-armaturen.ch\/mag\/wp-json\/wp\/v2\/pages\/2001\/revisions"}],"predecessor-version":[{"id":2740,"href":"https:\/\/dmg-armaturen.ch\/mag\/wp-json\/wp\/v2\/pages\/2001\/revisions\/2740"}],"wp:featuredmedia":[{"embeddable":true,"href":"https:\/\/dmg-armaturen.ch\/mag\/wp-json\/wp\/v2\/media\/2330"}],"wp:attachment":[{"href":"https:\/\/dmg-armaturen.ch\/mag\/wp-json\/wp\/v2\/media?parent=2001"}],"curies":[{"name":"wp","href":"https:\/\/api.w.org\/{rel}","templated":true}]}}